524) + (-236958)/(-8)?
2, 14813
List the prime factors of (0 - 5787/(-2)) + (-20)/(-95 - -55).
2, 1447
Suppose -11 + 3 = 8*m. Let b be 444 + 20 + 1*m. Let f = b + -291. List the prime factors of f.
2, 43
Let f = 10 - 7. Suppose s + 10*z = 9*z + 156, s + f*z - 146 = 0. List the prime factors of s.
7, 23
Let m be ((-2)/1)/((-21)/(-273)). Let q = m + 263. What are the prime factors of q?
3, 79
Suppose -114 = -3*c - s + 4*s, 5*c = 3*s + 182. Let w = c + -31. What are the prime factors of ((-12)/w)/(4/(-7))?
7
Suppose -4*o = -c - 119, -6*c + 2*c - 116 = -4*o. Suppose o = g - 97. What are the prime factors of g?
127
What are the prime factors of (-112)/(-84) - (-97628)/12?
79, 103
Let q(t) = 3*t**2 - 4*t - 2. Let c be q(2). Suppose -5*i + 3*y = -321, 4*i - 7*y + c*y - 262 = 0. What are the prime factors of i?
3, 7
Suppose -2*o + 1575 = 5*o. Let j = 151 - o. List the prime factors of j*((-14)/4 - -3).
37
Suppose 0 = s + 4*s - 20. Suppose 3*h - 1284 = -5*q, s*q = 2*h + 2*h + 1008. List the prime factors of q.
3, 5, 17
Let d(i) = i**3 - 24*i**2 - 30*i - 132. Suppose 3*j - 5*x + 2*x = 66, 4*j - 5*x = 84. List the prime factors of d(j).
2, 5, 11
Suppose -298116 = -47*s + 408546 - 124050. List the prime factors of s.
2, 3, 1033
Let n(g) = 28*g - 172. Let s be n(5). Let i be 394/6 - 6/9. Let a = i + s. What are the prime factors of a?
3, 11
Suppose -60 - 57 = -9*q. Let r = q + 215. List the prime factors of r.
2, 3, 19
Suppose 3*p - 5*d + d = -5894, 2*p + 3*d + 3901 = 0. Let o be p/(-5) - 9/15. Suppose 3*c - o - 239 = 0. What are the prime factors of c?
2, 3, 5, 7
Let i be 9/(378/(-4)) + 317/21. What are the prime factors of (i/(30/1844))/(-2 - -4)?
461
Suppose -5*d - 5*b + 8482 = 227, -d - 3*b + 1647 = 0. List the prime factors of d.
3, 19, 29
Let a = -70 - -474. Let t = -191 + a. What are the prime factors of t?
3, 71
Suppose 2*c - b - 15086 = 0, 3*c + 5*b - 37745 = -2*c. List the prime factors of c.
3, 5, 503
Suppose w - 27 - 55 = 0. Suppose -4*f + w = -142. What are the prime factors of f?
2, 7
Suppose 23*f + 36*f = 12*f + 309260. List the prime factors of f.
2, 5, 7, 47
Suppose 3*z = 19*z - 9248. Let l = z - 160. List the prime factors of l.
2, 11, 19
Let d be 5/(-5)*(-1 + -4954). List the prime factors of d/5 + 1 + 8 + -4.
2, 3, 83
Let d be ((-239)/(-3))/(27/81). Let s = 373 - d. Suppose -21 = g - s. List the prime factors of g.
113
Let n(z) = z**3 + 35*z**2 + 39*z + 320. What are the prime factors of n(-29)?
5, 7, 11
Let b(w) = -w**3 - 7*w**2 + w + 17. Let p = 19 + -20. Let l(z) = z**2 - z. Let h(f) = p*b(f) + 3*l(f). What are the prime factors of h(-9)?
2, 5
What are the prime factors of (45/9 - -23471) + -3 - 14/2?
2, 3, 3911
Suppose -62*w - 282269 = 21*w - 4026731. What are the prime factors of w?
2, 3, 73, 103
Let c = 315 + -315. Suppose x = -k + 686, c = 2*k - 3*x + x - 1380. List the prime factors of k.
2, 43
Let u(c) be the third derivative of 5*c**4/12 + 4*c**3/3 + 102*c**2. List the prime factors of u(4).
2, 3
Let c(k) be the first derivative of 31*k**2/2 + 23*k + 56. What are the prime factors of c(2)?
5, 17
Let u(q) = 3*q**2 + 23*q - 171. List the prime factors of u(-17).
5, 61
Let w(v) = 496*v**2 - 4*v + 3. Suppose -5*r - 3*a + 16 = -r, 0 = 4*a - 16. List the prime factors of w(r).
3, 5, 11
What are the prime factors of 711*(8 + (-1190)/(-51))?
2, 3, 47, 79
Let z = -1632 - -24968. List the prime factors of z.
2, 2917
Let l(o) = -128*o**2 - 126*o - 7. Let y(p) = 64*p**2 + 64*p + 2. Let x(f) = 2*l(f) + 5*y(f). What are the prime factors of x(-4)?
2, 11, 17
Let p(i) = -i**2 - 16*i + 9. Let t be p(-16). Suppose -4*s = t*s - 26. Suppose 465 = s*j + 61. List the prime factors of j.
2, 101
Let s(y) = 4*y - 11. Let q(f) = -f**2 - 14*f - 8. Let n be q(-13). Let v be s(n). Suppose -v*m + 560 = -115. List the prime factors of m.
3, 5
Suppose -505*y + 161*y = -5873560 - 5402416. What are the prime factors of y?
32779
Let i = 40 + -31. Let u(x) = -x**3 + 10*x**2 - 8*x - 6. Let m be u(i). Suppose -3*t = 2*j - 5*t - 16, -11 = -4*j - m*t. List the prime factors of j.
5
Let m(h) = -5*h + 8. Let l be m(0). Let y(t) = 2*t - 12. Let c be y(l). Suppose 4*i + i - 116 = -2*x, 232 = c*x - i. List the prime factors of x.
2, 29
Let x(l) = -l**3 + 52*l**2 + 3*l + 141. What are the prime factors of x(24)?
3, 13, 419
Let c = -95 + 101. Suppose -6*v = c*v - 1476. Suppose -55 - v = -b. List the prime factors of b.
2, 89
Let x be (-105)/(-70)*8/(-3). What are the prime factors of (x - -7) + 3/((-6)/(-2110))?
2, 23
Let q(f) = f + 60. Let x(w) = 23*w**2 - w - 2. Let z be x(-1). Suppose -9*u + 208 = -z*u. What are the prime factors of q(u)?
2, 11
Let f(d) = 4*d**2 - d - 25. Let b = 61 + -43. Let n be (3 + (-51)/b)*-3*-12. List the prime factors of f(n).
113
Let d(u) = -u**3 + 10*u**2 - 7*u + 13. Suppose -7 = -3*x - n, 4*x - 7 = 2*n + 19. List the prime factors of d(x).
3
Let o = -53 + 56. Suppose -2*u - u = -3*j + 6, 0 = -o*u - 3*j + 18. Suppose 2*x - 20 = -u*x, m - 246 = 4*x. List the prime factors of m.
2, 7, 19
Let u be -1 - 81*(3 - 22). Suppose 0 = 3*x + 2*z - 926, 13*z - 11*z + u = 5*x. What are the prime factors of x?
2, 7, 11
Suppose 5*m - 2844 = 4*r, -r - 2*m = r + 1440. Let y = -503 - r. List the prime factors of y.
3, 71
Let a(r) = -1049*r + 347. What are the prime factors of a(-10)?
10837
Let l = -13669 - -17813. List the prime factors of l.
2, 7, 37
Let c(k) = -k**3 + 9*k**2 + 5*k - 76. Let x be c(8). Suppose -x*u + 24*u + 2920 = 0. What are the prime factors of u?
2, 5, 73
Let w(k) = -212*k - 177. Let x(y) = 2*y - 83. Let q be x(39). List the prime factors of w(q).
883
Suppose 0 = -25*v + 122196 + 479154. What are the prime factors of v?
2, 3, 19, 211
Suppose 2*g - 13290 = 2*f, 4*f - 8803 = -2*g + 4499. List the prime factors of g.
17, 23
List the prime factors of 3*5 - 99728/(-92).
7, 157
Let p(t) = 4*t**2 - 8*t - 102. Let z be p(14). List the prime factors of 290016/z - (-1 + (-8)/(-10)).
509
Suppose t - n = 11476, 72*n - 73*n - 34418 = -3*t. List the prime factors of t.
11471
Let k(n) be the third derivative of n**5/30 + 11*n**4/24 - 89*n**3/3 - 2*n**2 + 109. List the prime factors of k(-20).
2, 3, 67
Suppose -3*y + 13 = 2*b, -b = y - 9 + 3. Suppose n = -2*z + 15, -b*n = -z + 2 - 0. List the prime factors of 34 - (-3 + 7 - z).
37
Suppose 3*i = 2*z + 51290, -887*i - 2*z = -884*i - 51322. What are the prime factors of i?
2, 17, 503
Let o be (-7)/(3 + 28/(-10)). Let z(w) = 8*w + 311. List the prime factors of z(o).
31
Suppose 13*g = 70269 - 25145 + 47176. What are the prime factors of g?
2, 5, 71
Let v(p) = p**3 + 16*p**2 - 2*p + 49. Let o = -209 + 197. What are the prime factors of v(o)?
11, 59
Let l = 17713 - -12103. What are the prime factors of l?
2, 3727
Let x = -2052 + 3621. Let u = -472 + x. What are the prime factors of u?
1097
Suppose -7*r + 378 - 238 = 0. Suppose -5*n + r = 0, -3*o - 2*n + 263 = -105. What are the prime factors of o?
2, 3, 5
Let c = 6085 - 1815. What are the prime factors of c?
2, 5, 7, 61
Suppose -45*d = -38*d + 9849. List the prime factors of 12/16 + d/(-12).
2, 59
Suppose 0*p = 3*p - 5*g - 1171, 0 = -4*p - 4*g + 1604. Suppose -3*a + p + 26 = 0. Suppose 2*n = -v - 2*n + a, n = -3*v + 379. What are the prime factors of v?
5
Suppose 2*f = 4*f + j - 23, 3*f = 3*j + 12. Let n(q) = q**2 - 8*q + 21. Let z be n(f). What are the prime factors of 3/18 + 1915/z?
2
Let f(m) = -415*m - 505. List the prime factors of f(-8).
5, 563
Let u = 577 - -342. Let m = u - 583. List the prime factors of m.
2, 3, 7
Let u = 10665 - 6581. What are the prime factors of u?
2, 1021
Suppose 0*m + 6157 = 2*w - 5*m, -2*m = -2*w + 6154. What are the prime factors of w?
2, 769
Let w be 0 + -1 + -2 + 6. Let h be -1 + 31 - (-1 + (w - -1)). Suppose h = -2*r + 215. What are the prime factors of r?
2, 47
Suppose 0*h + h - 171 = 3*l, -12 = 4*h. Let r = -72 - l. Let o(f) = f**3 + 15*f**2 + 8*f - 4. What are the prime factors of o(r)?
2, 5
Let r(a) = -60*a. Let n be r(-1). Let p = n - 10. List the prime factors of p/2 - (-13)/(-13).
2, 3
Let b(j) = -j**3 + 62*j**2 - 100*j - 48. What are the prime factors of b(60)?
2, 3
Let b be -5 - 13/(-3) - (-100)/6. Suppose 0 = 3*q - n - b, -4*q + 17 = -3*n - 1. Suppose q*g + 180 = 2*d + 4*g, 4*d + 4*g = 400. List the prime factors